{"id":361,"date":"2020-07-08T13:41:46","date_gmt":"2020-07-08T11:41:46","guid":{"rendered":"https:\/\/www.porlasramas.co\/?page_id=361"},"modified":"2020-10-31T18:34:41","modified_gmt":"2020-10-31T17:34:41","slug":"contacto","status":"publish","type":"page","link":"https:\/\/www.porlasramas.co\/index.php\/contacto\/","title":{"rendered":"Contactemos"},"content":{"rendered":"\n<div class=\"wp-block-image\"><figure class=\"aligncenter size-large\"><img loading=\"lazy\" width=\"800\" height=\"532\" src=\"https:\/\/www.porlasramas.co\/wp-content\/uploads\/2020\/07\/DosMonitosOriginal800-1.jpg\" alt=\"Dos monos nos miran\" class=\"wp-image-407\" srcset=\"https:\/\/www.porlasramas.co\/wp-content\/uploads\/2020\/07\/DosMonitosOriginal800-1.jpg 800w, https:\/\/www.porlasramas.co\/wp-content\/uploads\/2020\/07\/DosMonitosOriginal800-1-300x200.jpg 300w, https:\/\/www.porlasramas.co\/wp-content\/uploads\/2020\/07\/DosMonitosOriginal800-1-768x511.jpg 768w\" sizes=\"(max-width: 800px) 100vw, 800px\" \/><\/figure><\/div>\n\n\n\n<div style=\"display:none\" class=\"fm-form-container fm-theme1\"><div id=\"fm-pages1\" class=\"fm-pages wdform_page_navigation \" show_title=\"\" show_numbers=\"1\" type=\"none\"><\/div><form name=\"form1\" action=\"\/index.php\/wp-json\/wp\/v2\/pages\/361\" method=\"post\" id=\"form1\" class=\"fm-form form1  \" enctype=\"multipart\/form-data\"><input type=\"hidden\" id=\"counter1\" value=\"7\" name=\"counter1\" \/><input type=\"hidden\" id=\"Itemid1\" value=\"\" name=\"Itemid1\" \/><input type=\"hidden\" id=\"fm_shake1\" value=\"1\" name=\"fm_shake1\" \/><input type=\"text\" class=\"fm-hide\" id=\"fm_bot_validation1\" value=\"\" name=\"fm_bot_validation1\" \/><input type=\"text\" class=\"fm-hide\" id=\"fm_empty_field_validation1\" value=\"\" name=\"fm_empty_field_validation1\" data-value=\"bd736efb144d599cf463541431fbf5c4\" \/><input type=\"hidden\" id=\"fm_form_nonce1\" name=\"fm_form_nonce1\" value=\"77c71c8acf\" \/><input type=\"hidden\" name=\"_wp_http_referer\" value=\"\/index.php\/wp-json\/wp\/v2\/pages\/361\" \/><div class=\"fm-header-bg\"><div class=\"fm-header \"><div class=\"fm-header-text\">          <div class=\"fm-header-title\">            Inscr\u00edbete a nuestra Newsletter          <\/div>          <div class=\"fm-header-description\">            <br><strong>Mimono y yo estaremos encantados de contarte nuestras aventuras Por las ramas.<br><br> D\u00e9janos tus datos y recibir\u00e1s un e-mail cada vez que publiquemos un nuevo art\u00edculo.<\/strong>          <\/div>        <\/div><\/div><\/div><div class=\"wdform-page-and-images fm-form-builder\"><div id=\"1form_view1\" class=\"wdform_page\" page_title=\"Untitled page\" next_title=\"Next\" next_type=\"text\" next_class=\"wdform-page-button\" next_checkable=\"true\" previous_title=\"Previous\" previous_type=\"text\" previous_class=\"wdform-page-button\" previous_checkable=\"false\"><div class=\"wdform_section\"><div class=\"wdform_column\"><div wdid=\"2\" class=\"wdform_row\"><div type=\"type_text\" class=\"wdform-field wd-width-100 wd-flex wd-flex-column\" ><div class=\"wdform-label-section wd-width-100  wd-flex-row wd-align-items-center\">    <label  for=\"wdform_2_element1\" class=\"wdform-label\">Nombre<\/label><span class=\"wdform-required\">*<\/span><\/div><div class=\"wdform-element-section wd-flex  wd-flex-row wd-align-items-center wd-width-100\" ><input type=\"text\"                           class=\"wd-width-100\"                           id=\"wdform_2_element1\"                           name=\"wdform_2_element1\"                           value=\"\"                           title=\"\"                           placeholder=\"\"                                                       \/><\/div><\/div><\/div><\/div><div class=\"wdform_column\"><div wdid=\"6\" class=\"wdform_row\" style=\"position: relative; left: 0px; top: 0px;\"><div type=\"type_text\" class=\"wdform-field wd-width-100 wd-flex wd-flex-column\" ><div class=\"wdform-label-section wd-width-100  wd-flex-row wd-align-items-center\">    <label  for=\"wdform_6_element1\" class=\"wdform-label\">Apellido<\/label><span class=\"wdform-required\">*<\/span><\/div><div class=\"wdform-element-section wd-flex  wd-flex-row wd-align-items-center wd-width-100\" ><input type=\"text\"                           class=\"wd-width-100\"                           id=\"wdform_6_element1\"                           name=\"wdform_6_element1\"                           value=\"\"                           title=\"\"                           placeholder=\"\"                                                       \/><\/div><\/div><\/div><\/div><div class=\"wdform_column\"><div wdid=\"3\" class=\"wdform_row\"><div type=\"type_submitter_mail\" class=\"wdform-field wd-width-100 wd-flex wd-flex-column\" ><div class=\"wdform-label-section wd-width-100  wd-flex-row\">    <label  for=\"wdform_3_element1\" class=\"wdform-label\">Email<\/label><span class=\"wdform-required\">*<\/span><\/div><div class=\"wdform-element-section wd-flex  wd-flex-row wd-width-100\" ><input type=\"text\" class=\"wd-width-100\" id=\"wdform_3_element1\" name=\"wdform_3_element1\" value=\"\" title=\"\" placeholder=\"\"   onchange=\"wd_check_email('3', '1', 'Esto no es una direcci\u00f3n v\u00e1lida de email')\" \/><\/div><\/div><\/div><\/div><div class=\"wdform_column\"><div wdid=\"5\" class=\"wdform_row\"><div type=\"type_textarea\" class=\"wdform-field wd-width-100 wd-flex wd-flex-column\" ><div class=\"wdform-label-section wd-width-100 \">    <label  for=\"wdform_5_element1\" class=\"wdform-label\">Message<\/label><span class=\"wdform-required\">*<\/span><\/div><div class=\"wdform-element-section wd-flex  wd-width-100\" ><textarea class=\"wd-width-100\"                      id=\"wdform_5_element1\"                      name=\"wdform_5_element1\"                      placeholder=\"\"                      maxlength=\"\"                      style=\"height: 100px;\"                      ><\/textarea><\/div><\/div><\/div><\/div><div class=\"wdform_column\"><div wdid=\"1\" class=\"wdform_row\"><div type=\"type_submit_reset\" class=\"wdform-field wd-width-100 wd-flex wd-flex-column\" ><div class=\"wdform-element-section wd-flex  wd-flex-row wd-justify-content-left wd-width-100\" ><button  type=\"button\" class=\"button-submit\" onclick=\"fm_submit_form('1');\"  data-ajax=\"0\"><span class=\"fm-submit-loading spinner fm-ico-spinner\"><\/span>Submit<\/button><button  type=\"button\" class=\"button-reset wd-hidden\" onclick=\"fm_reset_form(1);\" >Reset<\/button><\/div><\/div><\/div><\/div><\/div><div valign=\"top\" class=\"wdform_footer wd-width-100\"><div class=\"wd-width-100\"><div class=\"wd-width-100 wd-table\" style=\"padding-top:10px;\"><div class=\"wd-table-group\"><div id=\"1page_nav1\" class=\"wd-table-row\"><\/div><\/div><\/div><\/div><\/div><\/div><\/div><div class=\"wdform_preload\"><\/div><\/form><\/div>\n\n\n\n<hr class=\"wp-block-separator\"\/>\n\n\n\n<h2 class=\"has-text-align-center\">Estamos buscando  ideas para mejorar nuestras relaciones con el bosque. <\/h2>\n\n\n\n<h3 class=\"has-text-align-center\">\u00bfAlguna pista?<\/h3>\n\n\n\n<p>Nos interesan las&nbsp;<strong>selvas v\u00edrgenes y los bosques antiguos<\/strong>.<\/p>\n\n\n\n<p>Nos inspiran l<strong>os \u00e1rboles que llevan cientos de a\u00f1os <\/strong>en el planeta.<\/p>\n\n\n\n<p>De todos ellos, \u00bftienes noticias de c\u00f3mo se encuentran?&nbsp; <\/p>\n\n\n\n<p><strong>\u00bfTienes alg\u00fan plan para que vivan muchos a\u00f1os m\u00e1s?<\/strong><\/p>\n\n\n\n<p>Sobre los m\u00e1s j\u00f3venes, \u00bfsabes\u00a0c\u00f3mo podemos gestionarlos teniendo en cuenta su diversidad?<\/p>\n\n\n\n<h2 class=\"has-text-align-center\">Estaremos encantados de comunicar contigo.<\/h2>\n\n\n\n<h3 class=\"has-text-align-center\">Escr\u00edbenos al e-mail:<\/h3>\n\n\n\n<hr class=\"wp-block-separator\"\/>\n\n\n\n<div class=\"wp-block-image\"><figure class=\"aligncenter size-large\"><img loading=\"lazy\" width=\"1024\" height=\"337\" src=\"https:\/\/www.porlasramas.co\/wp-content\/uploads\/2020\/09\/EmailScrable-1024x337.jpg\" alt=\"\" class=\"wp-image-775\" srcset=\"https:\/\/www.porlasramas.co\/wp-content\/uploads\/2020\/09\/EmailScrable-1024x337.jpg 1024w, https:\/\/www.porlasramas.co\/wp-content\/uploads\/2020\/09\/EmailScrable-300x99.jpg 300w, https:\/\/www.porlasramas.co\/wp-content\/uploads\/2020\/09\/EmailScrable-768x253.jpg 768w, https:\/\/www.porlasramas.co\/wp-content\/uploads\/2020\/09\/EmailScrable-1536x505.jpg 1536w, https:\/\/www.porlasramas.co\/wp-content\/uploads\/2020\/09\/EmailScrable.jpg 2016w\" sizes=\"(max-width: 1024px) 100vw, 1024px\" \/><figcaption><br><strong>\u00a9Por las ramas<\/strong><\/figcaption><\/figure><\/div>\n\n\n\n<hr class=\"wp-block-separator\"\/>\n","protected":false},"excerpt":{"rendered":"<p>Estamos buscando ideas para mejorar nuestras relaciones con el bosque. \u00bfAlguna pista? Nos interesan las&nbsp;selvas v\u00edrgenes y los bosques antiguos. Nos inspiran los \u00e1rboles que llevan cientos de a\u00f1os en el planeta. De todos ellos, \u00bftienes noticias de c\u00f3mo se encuentran?&nbsp; \u00bfTienes alg\u00fan plan para que vivan muchos a\u00f1os m\u00e1s? Sobre los m\u00e1s j\u00f3venes, \u00bfsabes\u00a0c\u00f3mo &#8230; <\/p>\n<p class=\"read-more-container\"><a title=\"Contactemos\" class=\"read-more button\" href=\"https:\/\/www.porlasramas.co\/index.php\/contacto\/#more-361\">Leer +<span class=\"screen-reader-text\">Contactemos<\/span><\/a><\/p>\n","protected":false},"author":1,"featured_media":0,"parent":0,"menu_order":0,"comment_status":"closed","ping_status":"closed","template":"","meta":[],"yoast_head":"<!-- This site is optimized with the Yoast SEO plugin v16.0.2 - https:\/\/yoast.com\/wordpress\/plugins\/seo\/ -->\n<title>Contactemos &#8902; Blog Por las ramas<\/title>\n<meta name=\"description\" content=\"Busco ideas que ayuden a mejorar las relaciones con el bosque. Proteger los bosques primarios. Pensar un mejor manejo de recursos forestales.\" \/>\n<link rel=\"canonical\" href=\"https:\/\/www.porlasramas.co\/index.php\/contacto\/\" \/>\n<meta property=\"og:locale\" content=\"es_ES\" \/>\n<meta property=\"og:type\" content=\"article\" \/>\n<meta property=\"og:title\" content=\"Contactemos &#8902; Blog Por las ramas\" \/>\n<meta property=\"og:description\" content=\"Busco ideas que ayuden a mejorar las relaciones con el bosque. Proteger los bosques primarios. Pensar un mejor manejo de recursos forestales.\" \/>\n<meta property=\"og:url\" content=\"https:\/\/www.porlasramas.co\/index.php\/contacto\/\" \/>\n<meta property=\"og:site_name\" content=\"Por las ramas\" \/>\n<meta property=\"article:publisher\" content=\"https:\/\/www.facebook.com\/blogporlasramas\" \/>\n<meta property=\"article:modified_time\" content=\"2020-10-31T17:34:41+00:00\" \/>\n<meta property=\"og:image\" content=\"https:\/\/www.porlasramas.co\/wp-content\/uploads\/2020\/07\/DosMonitosOriginal800-1.jpg\" \/>\n<meta name=\"twitter:card\" content=\"summary_large_image\" \/>\n<script type=\"application\/ld+json\" class=\"yoast-schema-graph\">{\"@context\":\"https:\/\/schema.org\",\"@graph\":[{\"@type\":\"Organization\",\"@id\":\"https:\/\/www.porlasramas.co\/#organization\",\"name\":\"Blog Por las ramas\",\"url\":\"https:\/\/www.porlasramas.co\/\",\"sameAs\":[\"https:\/\/www.facebook.com\/blogporlasramas\",\"https:\/\/www.instagram.com\/mimonoporlasramas\/?hl=fr\"],\"logo\":{\"@type\":\"ImageObject\",\"@id\":\"https:\/\/www.porlasramas.co\/#logo\",\"inLanguage\":\"es\",\"url\":\"https:\/\/www.porlasramas.co\/wp-content\/uploads\/2020\/09\/logo_por_las_ramas.png\",\"width\":1831,\"height\":1831,\"caption\":\"Blog Por las ramas\"},\"image\":{\"@id\":\"https:\/\/www.porlasramas.co\/#logo\"}},{\"@type\":\"WebSite\",\"@id\":\"https:\/\/www.porlasramas.co\/#website\",\"url\":\"https:\/\/www.porlasramas.co\/\",\"name\":\"Por las ramas\",\"description\":\"Blog sobre \\u00e1rboles\",\"publisher\":{\"@id\":\"https:\/\/www.porlasramas.co\/#organization\"},\"potentialAction\":[{\"@type\":\"SearchAction\",\"target\":\"https:\/\/www.porlasramas.co\/?s={search_term_string}\",\"query-input\":\"required name=search_term_string\"}],\"inLanguage\":\"es\"},{\"@type\":\"ImageObject\",\"@id\":\"https:\/\/www.porlasramas.co\/index.php\/contacto\/#primaryimage\",\"inLanguage\":\"es\",\"url\":\"https:\/\/www.porlasramas.co\/wp-content\/uploads\/2020\/07\/DosMonitosOriginal800-1.jpg\",\"width\":800,\"height\":532,\"caption\":\"Dos monos nos miran\"},{\"@type\":\"WebPage\",\"@id\":\"https:\/\/www.porlasramas.co\/index.php\/contacto\/#webpage\",\"url\":\"https:\/\/www.porlasramas.co\/index.php\/contacto\/\",\"name\":\"Contactemos &#8902; Blog Por las ramas\",\"isPartOf\":{\"@id\":\"https:\/\/www.porlasramas.co\/#website\"},\"primaryImageOfPage\":{\"@id\":\"https:\/\/www.porlasramas.co\/index.php\/contacto\/#primaryimage\"},\"datePublished\":\"2020-07-08T11:41:46+00:00\",\"dateModified\":\"2020-10-31T17:34:41+00:00\",\"description\":\"Busco ideas que ayuden a mejorar las relaciones con el bosque. Proteger los bosques primarios. Pensar un mejor manejo de recursos forestales.\",\"breadcrumb\":{\"@id\":\"https:\/\/www.porlasramas.co\/index.php\/contacto\/#breadcrumb\"},\"inLanguage\":\"es\",\"potentialAction\":[{\"@type\":\"ReadAction\",\"target\":[\"https:\/\/www.porlasramas.co\/index.php\/contacto\/\"]}]},{\"@type\":\"BreadcrumbList\",\"@id\":\"https:\/\/www.porlasramas.co\/index.php\/contacto\/#breadcrumb\",\"itemListElement\":[{\"@type\":\"ListItem\",\"position\":1,\"item\":{\"@type\":\"WebPage\",\"@id\":\"https:\/\/www.porlasramas.co\/\",\"url\":\"https:\/\/www.porlasramas.co\/\",\"name\":\"Portada\"}},{\"@type\":\"ListItem\",\"position\":2,\"item\":{\"@type\":\"WebPage\",\"@id\":\"https:\/\/www.porlasramas.co\/index.php\/contacto\/\",\"url\":\"https:\/\/www.porlasramas.co\/index.php\/contacto\/\",\"name\":\"Contactemos\"}}]}]}<\/script>\n<!-- \/ Yoast SEO plugin. -->","_links":{"self":[{"href":"https:\/\/www.porlasramas.co\/index.php\/wp-json\/wp\/v2\/pages\/361"}],"collection":[{"href":"https:\/\/www.porlasramas.co\/index.php\/wp-json\/wp\/v2\/pages"}],"about":[{"href":"https:\/\/www.porlasramas.co\/index.php\/wp-json\/wp\/v2\/types\/page"}],"author":[{"embeddable":true,"href":"https:\/\/www.porlasramas.co\/index.php\/wp-json\/wp\/v2\/users\/1"}],"replies":[{"embeddable":true,"href":"https:\/\/www.porlasramas.co\/index.php\/wp-json\/wp\/v2\/comments?post=361"}],"version-history":[{"count":112,"href":"https:\/\/www.porlasramas.co\/index.php\/wp-json\/wp\/v2\/pages\/361\/revisions"}],"predecessor-version":[{"id":1270,"href":"https:\/\/www.porlasramas.co\/index.php\/wp-json\/wp\/v2\/pages\/361\/revisions\/1270"}],"wp:attachment":[{"href":"https:\/\/www.porlasramas.co\/index.php\/wp-json\/wp\/v2\/media?parent=361"}],"curies":[{"name":"wp","href":"https:\/\/api.w.org\/{rel}","templated":true}]}}